5
Let w(o) = o**3 - 3*o**2 + 12*o - 31. Calculate w(6).
149
Let v(u) = u**2 + u. Determine v(3).
12
Let x(s) = -5*s - 11. Calculate x(3).
-26
Let u(b) = b**3 - 7*b**2 - 5*b + 5. Give u(7).
-30
Let j(k) = 7*k + 5. Determine j(5).
40
Let p(u) = -u**3 - u**2 + 17*u - 3. Determine p(-5).
12
Let l(s) = -14*s + 13. Calculate l(-5).
83
Let l(q) = -20*q**3 + q**2 + 3*q - 2. Calculate l(1).
-18
Let c(b) = 3*b + 5. What is c(4)?
17
Let w(s) = -9*s**3 + s**2 - 2*s + 2. Determine w(2).
-70
Let z(i) = i**3 - 4*i**2 - 17*i + 8. What is z(5)?
-52
Let m(d) = 7*d + 2. Calculate m(5).
37
Let y(c) = c**2 - c - 15. Calculate y(-8).
57
Let a(r) = -r**2 + 3*r + 15. Calculate a(-4).
-13
Let q(t) = t**3 + 6*t**2 + 6*t - 2. Determine q(-5).
-7
Let t(x) = x**3 - 8*x**2 + 4*x. Give t(7).
-21
Let l(d) = 4*d + 20. Give l(0).
20
Let i(x) = -x**3 - 5*x**2 + 3*x + 3. Determine i(-5).
-12
Let s(t) = -10*t + 14. Give s(6).
-46
Let n(r) = r**2 + 22*r + 70. What is n(-18)?
-2
Let k(a) = 37*a**3 - 2*a**2 - a + 1. What is k(-1)?
-37
Let x(n) = n**2 - 15*n. What is x(14)?
-14
Let u(w) = -w**3 + 27*w**2 + 5*w - 135. Give u(27).
0
Let w(i) = -i - 10. Give w(-10).
0
Let j(f) = 4*f**2 - 3*f + 4. Determine j(1).
5
Let m(u) = u - 39. What is m(23)?
-16
Let y(b) = -5*b - 1. Determine y(-2).
9
Let l(r) = r**3 + 18*r**2 + 14*r - 31. Calculate l(-17).
20
Let c(j) = -3*j**3 - 4*j**2 + 5. Give c(-2).
13
Let r(l) = -l**3 + 4*l**2 - l + 16. What is r(4)?
12
Let y(s) = s**2 + 12*s + 3. What is y(-12)?
3
Let f(l) = 108*l + 540. Determine f(-5).
0
Let w(q) = q**2 + 3*q + 2. Determine w(-1).
0
Let i(a) = -11*a**2 - 6*a - 16. Determine i(-4).
-168
Let f(d) = d**3 - 12*d**2 - 14*d + 8. Calculate f(13).
-5
Let a(x) = -3*x**3 + 4. Calculate a(3).
-77
Let k(n) = n**2 + 29*n + 194. Determine k(-19).
4
Let y(k) = -2*k**3 + k**2 - k. Calculate y(2).
-14
Let l(n) = -19*n - 1. Give l(2).
-39
Let h(f) = 5*f + 27. What is h(-7)?
-8
Let f(s) = 23*s - 2. Give f(-2).
-48
Let c(h) = -h**3 - 5*h**2 - 2*h - 50. Calculate c(-6).
-2
Let g(t) = -t**3 - 7*t**2 + 5*t + 1. Give g(-8).
25
Let p(n) = -n**2 + n - 4. Calculate p(2).
-6
Let l(b) = -2*b - 15. What is l(-9)?
3
Let l(x) = -x**2 - 13*x + 25. What is l(-15)?
-5
Let x(y) = y**3 + 13*y**2 + 2*y - 32. Calculate x(-13).
-58
Let h(l) = -l**3 + 11*l**2 + 12*l + 9. Determine h(12).
9
Let k(y) = 38*y - 7. Calculate k(2).
69
Let b(m) = 47*m + 233. Determine b(-6).
-49
Let r(f) = 2*f - 5. Give r(0).
-5
Let t(h) = 6*h**3 + 4*h**2 + 3*h. Give t(-1).
-5
Let w(q) = -q**3 + 4*q**2 - 3*q - 8. Determine w(5).
-48
Let j(d) = 14*d - 596. Calculate j(43).
6
Let o(m) = -11*m**2 - 10*m - 12. What is o(-1)?
-13
Let g(v) = -9*v. Determine g(1).
-9
Let h(l) = -l**3 + 6*l**2 - 10*l + 9. Calculate h(3).
6
Let m(u) = -u**3 + 8*u**2 + 8*u + 1. Calculate m(9).
-8
Let o(v) = -v**2 - 3*v + 32. Determine o(7).
-38
Let o(t) = 2*t**3 + 3*t**2 + 4*t. Calculate o(-4).
-96
Let h(s) = -3*s**2 - 4*s - 6. Give h(0).
-6
Let d(p) = -p**3 + p**2 - 2*p - 1. Calculate d(-2).
15
Let f(w) = -w**2 + 13*w - 46. What is f(7)?
-4
Let f(h) = -h**2 - 7*h + 9. Determine f(-8).
1
Let v(y) = y**3 + 7*y**2 - 7*y + 6. Calculate v(-7).
55
Let w(j) = -26*j - 1. Give w(-1).
25
Let o(v) = -30*v + 3. Calculate o(1).
-27
Let g(m) = m**2 + 19*m - 26. What is g(-20)?
-6
Let j(x) = -x**2 + 3*x - 4. What is j(2)?
-2
Let s(w) = -w**3 + 6*w**2 + 2*w + 11. Determine s(6).
23
Let x(k) = -39*k + 194. Determine x(5).
-1
Let s(t) = t**3 - 6*t**2 - 4*t - 5. What is s(7)?
16
Let n(i) = -i**3 + 4*i**2 - 3*i + 5. What is n(4)?
-7
Let c(o) = o**3 + 3*o**2 - 15*o - 15. Give c(-5).
10
Let z(f) = 6*f**2 + 2*f - 2. What is z(2)?
26
Let h(x) = 2*x**2 - 10*x. Give h(5).
0
Let u(x) = x**3 + 11*x**2 + 10*x + 2. Determine u(-10).
2
Let f(t) = 3*t + 73. What is f(-32)?
-23
Let d(j) = j**3 - 11*j**2 + 9*j - 11. What is d(10)?
-21
Let z(n) = 15*n**2 - 94*n - 6. Calculate z(5).
-101
Let l(i) = -i + 8. Determine l(8).
0
Let s(l) = -4*l - 56. What is s(-14)?
0
Let x(v) = 2*v**3 + 10*v**2 - 12*v - 6. Give x(-6).
-6
Let c(w) = -w**3 + 5*w + 7. Determine c(3).
-5
Let t(d) = -d**2 + 32*d - 69. Determine t(30).
-9
Let d(h) = -h**3 - 25*h**2 - 24*h. What is d(-24)?
0
Let v(c) = c**3 + 15*c**2 - 17*c - 38. Calculate v(-16).
-22
Let p(i) = i**2 + 13*i - 16. Give p(-14).
-2
Let m(v) = 4*v - 6. Give m(4).
10
Let g(n) = -n**2 + 22*n - 115. What is g(10)?
5
Let j(s) = s**3 - 20*s**2 + 2*s - 42. What is j(20)?
-2
Let j(l) = -2*l**3 - 3*l**2 + 2*l - 4. Calculate j(-4).
68
Let b(g) = -g + 11. Determine b(7).
4
Let k(w) = w**2 + 9*w + 6. Calculate k(-6).
-12
Let k(y) = -5*y + 1. Calculate k(-3).
16
Let b(y) = -y**3 + 6*y**2 - 3*y - 10. Give b(5).
0
Let v(j) = 2*j**2 + j - 3. Calculate v(5).
52
Let y(l) = -8*l**2 - 2*l + 2. Calculate y(1).
-8
Let x(w) = -4*w**3 - 2*w**2 + 8*w - 16. Calculate x(2).
-40
Let q(n) = n**3 + 2*n**2 - 3*n - 6. Give q(-4).
-26
Let o(s) = 7*s**2 - 10*s + 6. Give o(3).
39
Let b(v) = -3*v**2 + 29*v - 1. Give b(13).
-131
Let z(f) = 2*f + 16. Determine z(-5).
6
Let h(r) = -2*r**3 + 17*r**2 + 9*r - 17. Give h(9).
-17
Let s(a) = -2*a**2 + 33*a - 125. Determine s(5).
-10
Let i(y) = y**2 + 9*y - 6. What is i(-8)?
-14
Let j(z) = -z**2 - 25*z + 51. Give j(-27).
-3
Let n(m) = -m + 1. What is n(-3)?
4
Let p(a) = -a - 31. Determine p(-19).
-12
Let z(m) = -12*m**3 - 2*m**2 + 3*m + 3. Give z(-1).
10
Let i(z) = 20*z - 1. Calculate i(-2).
-41
Let z(w) = 2*w**3 - 13*w**2 + 8*w + 6. What is z(6)?
18
Let q(d) = -4*d - 3. What is q(-1)?
1
Let j(f) = -f**3 - 6*f**2 + f + 6. Give j(-5).
-24
Let j(o) = -o**2 + 7*o - 2. What is j(9)?
-20
Let q(g) = -g**3 + 17*g**2 + 7*g - 13. Calculate q(17).
106
Let z(m) = -10*m + 3. What is z(-1)?
13
Let v(t) = -2*t**3 - 20*t**2 + 16*t - 68. Determine v(-11).
-2
Let s(x) = 2*x - 23. Calculate s(13).
3
Let m(d) = -d**3 + 3*d**2 + 2*d - 1. Determine m(4).
-9
Let a(s) = 12*s - 1. Give a(2).
23
Let z(r) = -7*r**2 - r + 1. Give z(1).
-7
Let m(k) = 8*k + 64. What is m(-8)?
0
Let f(j) = j**2 - 4*j + 1. What is f(7)?
22
Let z(p) = p**2 - 3*p - 6. Calculate z(-3).
12
Let s(v) = 4*v**2 + 3*v + 6. Calculate s(-3).
33
Let a(p) = -p**3 + p**2 - p - 8. What is a(0)?
-8
Let i(t) = -t**3 - 8*t**2 + t + 14. Calculate i(-8).
6
Let t(h) = -3*h**3 - 84*h**2 - 82*h - 34. Determine t(-27).
-7
Let p(c) = 5*c**3 - c**2 + 2*c - 4. Determine p(-2).
-52
Let l(o) = o**3 + 2*o**2 - 28*o + 5. What is l(4)?
-11
Let o(s) = -s**3 - 6*s**2 + 7*s + 18. What is o(-6)?
-24
Let g(f) = -f**3 + 7*f**2 + f - 4. Determine g(7).
3
Let a(q) = -95*q + 585. Give a(6).
15
Let n(z) = -z**3 - 18*z**2 - 11*z + 3. Determine n(-17).
-99
Let a(z) = 3*z - 21. Give a(9).
6
Let t(g) = 21*g**3 + g**2 - 1. Give t(1).
21
Let o(p) = p**2 - 9*p + 13. Determine o(6).
-5
Let t(o) = o**2 + 7*o + 22. Calculate t(-4).
10
Let d(g) = -g**3 - 9*g**2 - 6*g + 21. Give d(-8).
5
Let n(a) = -a**3 + 23*a**2 - 22*a - 7. Give n(22).
-7
Let l(r) = 2*r + 32. Determine l(-11).
10
Let q(u) = -4*u + 8. What is q(0)?
8
Let b(r) = -4*r - 70. Calculate b(-17).
-2
Let h(k) = k**2 - 28*k + 3. Give h(26).
-49
Let l(u) = u - 80. Determine l(0).
-80
Let d(t) = t**2 + 103*t + 593. Determine d(-6).
11
Let q(x) = -x**3 - 9*x**2 + 4*x - 58. Calculate q(-10).
2
Let t(r) = r**2 + 5*r + 7. What is t(-11)?
73
Let o(i) = 3*i**2 - 3*i - 2. Determine o(-2).
16
Let q(k) = -k + 29. Give q(16).
13
Let b(q) = -q**2 + 8*q + 6. Determine b(7).
13
Let x(s) = s**3 + 10*s**2 + 26*s - 6. What is x(-5)?
-11
Let k(g) = 15*g + 10. Determine k(-4).
-50
Let b(t) = t**3 + 9*t**2 + 8*t - 3. Determine b(-7).
39
Let h(j) = 31*j**2 + 5*j + 4. Calculate h(-1).
30
Let o(b) = 19*b**2 + 5*b - 4. What is o(1)?
20
Let y(f) = -3*f**3 - 24*f**2 - 20*f + 11. Calculate y(-7).
4
Let f(t) = -t**3 + 6*t**2 + 3*t + 36. Calculate f(7).
8
Let k(l) = 4*l + 1. Calculate k(2).
9
Let v(s) = s**2 + 15*s + 9. Give v(-11).
-35
Let a(w) = w**3 - 7*w**2 - 11*w + 3. Determine a(8).
-21
Let t(n) = -n**2 + 10*n + 3. Give t(7).
24
Let n(o) = -8*o - 9. Calculate n(-2).
7
Let a(k) = 2*k**2 + 65*k - 19. Give a(-33).
14
Let j(d) = d**3 + 4*d**2 - 2*d + 12. Give j(-5).
-3
Let m(j) = 3*j - 51. Give m(15).
-6
Let u(v) = v**3 - 8*v**2 - 3*v + 10. Calculate u(8).
-14
Let g(s) = -s**3 - 9*s**2 - 9*s - 8. What is g(-8)?
0
Let g(s) = s**3 + 7*s**2 + s + 4. Calculate g(-7).
-3
Let r(y) = -y**2 + 